*v + 56, -5*v - x = -v - 3*j. Let n = 38 + v. What is the greatest common divisor of 9 and n?
9
Let k(g) = g**2 - 5*g + 6. Let u be k(5). Let z be 32/u*(-126)/(-8). Calculate the greatest common factor of 56 and z.
28
Suppose -u + 4 = 0, z - 3*u - 6 = -4*u. Let m be ((-2)/(-5))/(z/20). Let q be (0 + 2)/(0 + 2). Calculate the greatest common factor of q and m.
1
Suppose 0*a + 6 = 3*a. Suppose 2*i = -a*i + 12. Let t be 3/6*21*2. Calculate the highest common factor of i and t.
3
Let h be 16 + -10 - 4/((-2)/1). What is the highest common factor of h and 16?
8
Let r(u) = 2*u**2 + 12*u. Let z be r(-7). What is the greatest common factor of z and 28?
14
Suppose -2*v = -3*p - 23, 4*v + 11 = 3*v - 3*p. Suppose 0 + 10 = i - v*g, -3*g - 25 = -2*i. Calculate the highest common factor of i and 2.
2
Let x = -9 + 13. Let l(b) = -b - 2. Let h be l(-4). Suppose 52 = -h*k + x*k. Calculate the greatest common factor of k and 13.
13
Suppose 31*t = 41*t - 1920. What is the highest common divisor of 16 and t?
16
Suppose 0*x + x = 28. Let r = 45 - x. Calculate the greatest common factor of 17 and r.
17
Let r be ((-123)/6)/(2/12). Let y = -87 - r. Calculate the greatest common divisor of 6 and y.
6
Suppose -3*a + 14 = 5. Let b be 30/(a - (-3)/(-2)). Let y = 9 - 4. What is the greatest common factor of y and b?
5
Let s(f) = f**2 + 5*f - 2. Let l be s(-6). Suppose -2*k + 64 = -l*k. Let t = -17 - k. Calculate the highest common factor of 165 and t.
15
Suppose -4*t + 0*h + 16 = -4*h, 0 = -5*h + 20. Let y(m) = m**3 - 21*m**2 + 2*m - 18. Let p be y(21). What is the highest common divisor of p and t?
8
Let o(j) = -4*j + 6. Let b be o(-9). Suppose -l + 80 + 25 = 0. What is the greatest common factor of b and l?
21
Let v(l) = -2*l**3 + 4*l**2 + 4*l + 2. Let j be v(4). Let z = j - -74. Calculate the highest common factor of z and 70.
14
Suppose -39*r = -34*r - 60. Calculate the highest common factor of r and 228.
12
Let u(k) = k**3 + 7*k**2 + 7*k + 5. Let w be u(-5). What is the greatest common factor of w and 2?
2
Suppose -4*m + 96 = 5*l - 0*m, 4*l - 3*m - 83 = 0. Calculate the highest common factor of l and 50.
10
Let b be (-21)/14 - (-26)/4. Calculate the highest common factor of b and 45.
5
Let l(n) = -3*n - 3. Let s be l(-5). Suppose 4 = 3*w - 5. Suppose -w*z = z - 144. Calculate the greatest common factor of s and z.
12
Let o(y) = y - 3. Let p be o(5). Suppose 0 = -a - p + 6. Calculate the greatest common divisor of a and 4.
4
Suppose -55 + 49 = -2*n. What is the greatest common factor of n and 33?
3
Let n = -109 + 70. Let b = 71 + n. Calculate the greatest common divisor of 8 and b.
8
Let n(q) = 3*q**2 - 2*q. Let d be n(4). What is the greatest common factor of 100 and d?
20
Let f be (-1)/(-4) - (-572)/16. What is the highest common divisor of f and 90?
18
Let u(o) = o**3 - 10*o**2 + 9*o + 10. Let a be u(9). Suppose -103 - 37 = -2*n. What is the highest common factor of a and n?
10
Let d be (-33)/(-2)*(0 + 2 + 0). Calculate the highest common factor of 3 and d.
3
Let k be (2 - 27/12)*-4. Let s be (6 + -3)*(12 - k). Suppose -6*t + 44 = -2*t. What is the greatest common divisor of s and t?
11
Suppose -y = -5*b + b + 21, 28 = -3*y + 5*b. Let q be 28 + y + -1 + 0. Calculate the greatest common divisor of q and 130.
26
Suppose 6*i - 302 = 244. Calculate the greatest common divisor of 7 and i.
7
Let z(o) = 2*o**2 - 3*o + 4. Let l be z(2). Calculate the highest common divisor of 3 and l.
3
Suppose f + 13 = 2*f. What is the greatest common factor of f and 65?
13
Let y = -138 + 358. What is the greatest common factor of y and 22?
22
Suppose 0 = -2*r + 69 - 57. Calculate the highest common divisor of r and 24.
6
Suppose -4*b + 545 = 65. Suppose 3*f + 2*g = b, -3*f + 177 = -3*g + 42. Suppose -h - h + f = 0. What is the greatest common factor of 7 and h?
7
Let b = -88 + 97. What is the highest common factor of b and 99?
9
Suppose f - 6*f + 160 = 0. Suppose -2*s = 2*s - f. Let h be 362/s - 2/8. What is the highest common factor of 30 and h?
15
Suppose -5*v - 9 = 1. Let u(a) = 8*a**2 + 1. Let i be u(v). Let x be 2*(-3)/12*-6. Calculate the highest common divisor of x and i.
3
Suppose 2*f = -5*r + 29 + 481, r - 255 = -f. Let t = f + -119. What is the greatest common factor of t and 17?
17
Let d be 4/22 + 0 + (-925)/(-55). What is the highest common divisor of 51 and d?
17
Suppose -w - 88 = -5*k, 5*k - 3*w = 10 + 84. Calculate the greatest common factor of 17 and k.
17
Suppose -2*m - 70 = -v - 3*v, 0 = 2*v + 3*m - 15. Calculate the highest common factor of v and 15.
15
Suppose 5*i - 39 = -4. What is the greatest common factor of 21 and i?
7
Suppose -4*s + 7*s = 0. Let x be (s - 10)*-2*1. What is the greatest common divisor of x and 60?
20
Let z be (15/(-3) - -3)/2. Let u = z - -2. Calculate the greatest common divisor of u and 11.
1
Suppose 4*h - 4*g = 232 - 88, -2*g = -4*h + 138. Calculate the greatest common divisor of 22 and h.
11
Let a(k) be the second derivative of -k**3/6 + 13*k**2/2 - 2*k. Let c be a(8). Calculate the greatest common divisor of 5 and c.
5
Let o(u) = 2*u**3 + u - 2. Suppose 5*t - 1 = 9. Let x be o(t). What is the highest common divisor of x and 176?
16
Suppose q = -0*q - 3*l - 2, 5*q - 5*l = 30. Suppose 19 = q*w - o, -2*w + 0*w - o = -11. Calculate the greatest common divisor of w and 15.
5
Let p(r) = -5*r + 2. Let s = 25 + -31. Let k be p(s). What is the greatest common divisor of k and 16?
16
Let w(o) = -o**2 - 7*o - 3. Let u be w(-5). Suppose 99 = 11*p + 22. Calculate the greatest common factor of u and p.
7
Suppose -6*h - 4*h = -90. What is the highest common divisor of 27 and h?
9
Suppose 4*t - 1084 - 280 = 0. Calculate the highest common factor of t and 31.
31
Let s be 0*(0/(-1) + -1). Suppose s*f - 3 = -f. Suppose 0 = t + f - 7. Calculate the greatest common factor of 2 and t.
2
Suppose m - 1 + 24 = 5*y, -2*m = -3*y + 11. Suppose -3*v - 2 = -5*v. What is the greatest common divisor of m and v?
1
Let f(h) = h**3 - 14*h**2 - 10*h. Let z be f(15). Let c(i) = -i**2 + 2*i - 3. Let l be c(3). Let w = 36 + l. What is the highest common divisor of z and w?
15
Let s = -23 + 42. What is the highest common divisor of 171 and s?
19
Let z(o) = o**3 - o**2 + 2*o - 1. Let b be z(1). Let i(m) = b + 3 + 0*m + m. Let p be i(0). Calculate the greatest common divisor of p and 32.
4
Let h be 81 + 2 + (-2 - 1). What is the greatest common factor of h and 10?
10
Let l be (-112)/(-18) + 4/(-18). Let y be 7/28 - (-526)/8. Calculate the greatest common divisor of l and y.
6
Let z(q) = -2*q**3 + 4*q**2 + 2*q. Let i be z(-3). Suppose -4*k + 0*k = -i. What is the highest common divisor of 147 and k?
21
Suppose 0 = -9*m + 8*m + 42. Calculate the highest common divisor of 210 and m.
42
Let i(u) be the first derivative of u**4/4 + 7*u**3/3 - u**2 - u + 3. Let x be i(-7). What is the highest common factor of 13 and x?
13
Let s(y) = -y**3 - 5*y**2 + 4*y + 7. Let i(h) = h**2 + 7*h. Let c be i(-6). Let z be s(c). Calculate the greatest common divisor of 171 and z.
19
Let v(g) = -3*g**3 + 2*g**2 + g + 1. Let p be v(-2). Calculate the greatest common divisor of 341 and p.
31
Suppose 0 = 5*t + 3*k - 116, -3*t + 84 = -k - 2*k. Suppose -3*u + t = 10. What is the greatest common factor of 35 and u?
5
Let c = 103 - -117. Calculate the greatest common factor of c and 20.
20
Suppose -115 = -5*c + 4*l + 306, -2*c - l + 171 = 0. Let n be 2 - -27 - -3 - -2. Calculate the highest common divisor of c and n.
17
Suppose -66 + 6 = -3*o. Suppose -o = -4*w, -3*y = -7*y - 4*w + 148. What is the greatest common divisor of y and 8?
8
Let o(q) = q**2 + 4*q + 4. Let x be o(-5). Let f(k) = -k + 9. Let b be f(x). Let j be 7 + b + 0 + 2. Calculate the highest common factor of j and 18.
9
Let t be 1 - 4/(8/(-6)). Suppose 3*x + 4 = t*x. What is the greatest common factor of 4 and x?
4
Let w = 4 + 3. Suppose 252 = w*x - 3*x. Calculate the highest common factor of x and 9.
9
Let t be (5 + 1*-2)*1. Suppose -3 - t = -r. Suppose j - 12 = r. Calculate the greatest common factor of j and 54.
18
Suppose 0 = 4*m + 4*c - 764, -4*c + c - 939 = -5*m. What is the greatest common divisor of 27 and m?
27
Suppose -4 = 5*x - 5*s - 24, -3*x = -4*s - 12. Suppose x*z - z = 36. What is the greatest common factor of z and 24?
12
Let k(a